s of 4426701804.
2, 3, 7, 137, 128221
List the prime factors of 2749141.
947, 2903
What are the prime factors of 554735138?
2, 277367569
What are the prime factors of 387087010?
2, 5, 23, 1682987
List the prime factors of 954488703.
3, 7, 45451843
What are the prime factors of 751148979?
3, 7, 5109857
What are the prime factors of 77215392?
2, 3, 19, 103, 137
What are the prime factors of 679760007?
3, 127, 563, 3169
What are the prime factors of 2030661274?
2, 103, 9857579
What are the prime factors of 5378925244?
2, 7, 11, 17464043
What are the prime factors of 257080255?
5, 37, 1389623
What are the prime factors of 947712446?
2, 473856223
What are the prime factors of 3753929686?
2, 13, 31, 53, 87877
What are the prime factors of 40102113?
3, 67, 131, 1523
List the prime factors of 13539027.
3, 29, 155621
List the prime factors of 922113835.
5, 184422767
What are the prime factors of 7670929?
7, 1095847
What are the prime factors of 46889076?
2, 3, 13, 41, 7331
What are the prime factors of 1794551623?
337, 5325079
List the prime factors of 89763199.
463, 193873
List the prime factors of 510765740.
2, 5, 25538287
What are the prime factors of 624232263?
3, 461, 451361
List the prime factors of 98989026.
2, 3, 16498171
What are the prime factors of 135950661?
3, 7, 11, 196177
What are the prime factors of 273467759?
273467759
What are the prime factors of 1759511067?
3, 17, 139, 248203
What are the prime factors of 49381245?
3, 5, 97, 419
List the prime factors of 313634014.
2, 29, 983, 5501
List the prime factors of 28518132.
2, 3, 223, 10657
What are the prime factors of 305436894?
2, 3, 7, 19, 54679
What are the prime factors of 30873999?
3, 13, 443, 1787
List the prime factors of 1498245596.
2, 6947, 53917
List the prime factors of 4989036475.
5, 479, 416621
List the prime factors of 279793372.
2, 69948343
List the prime factors of 885977658.
2, 3, 49220981
List the prime factors of 680986672.
2, 31, 1372957
What are the prime factors of 140582165?
5, 193, 145681
List the prime factors of 426184308.
2, 3, 11, 61, 5881
List the prime factors of 40861786.
2, 7, 416957
What are the prime factors of 171897446?
2, 7, 19, 23, 28097
What are the prime factors of 1666869390?
2, 3, 5, 18520771
What are the prime factors of 143331439?
143331439
What are the prime factors of 96057743?
43, 2233901
What are the prime factors of 2453043490?
2, 5, 245304349
List the prime factors of 34129346.
2, 29, 588437
List the prime factors of 1741829426.
2, 31, 1511, 18593
List the prime factors of 50061575.
5, 73, 27431
List the prime factors of 195110232.
2, 3, 263, 30911
What are the prime factors of 22389285?
3, 5, 31, 89, 541
What are the prime factors of 32806227?
3, 61, 179269
List the prime factors of 328224100.
2, 5, 17, 193073
List the prime factors of 361949985.
3, 5, 53, 50587
What are the prime factors of 36016950?
2, 3, 5, 240113
List the prime factors of 965202061.
23, 2099, 19993
List the prime factors of 684355339.
16741, 40879
List the prime factors of 112310563.
709, 158407
What are the prime factors of 1148239130?
2, 5, 37, 397, 7817
List the prime factors of 607999918.
2, 73, 197, 21139
What are the prime factors of 4467453?
3, 1129, 1319
What are the prime factors of 22899592?
2, 109, 26261
What are the prime factors of 12903956?
2, 13, 29, 43, 199
List the prime factors of 8070111.
3, 7, 43, 331
List the prime factors of 3676616946.
2, 3, 68085499
What are the prime factors of 657718775?
5, 7, 61, 61613
List the prime factors of 255171292.
2, 17, 19, 23, 31, 277
List the prime factors of 53819484.
2, 3, 17, 263821
What are the prime factors of 561258765?
3, 5, 19, 23, 28541
What are the prime factors of 1008981451?
1008981451
List the prime factors of 5033757374.
2, 2516878687
List the prime factors of 660808212.
2, 3, 409, 134639
What are the prime factors of 12283886?
2, 23, 97, 2753
List the prime factors of 573358430.
2, 5, 107, 535849
List the prime factors of 425580821.
79, 5387099
List the prime factors of 133118509.
133118509
List the prime factors of 1217407967.
1217407967
What are the prime factors of 982555477?
17, 383, 150907
What are the prime factors of 14274803?
283, 50441
What are the prime factors of 3153661845?
3, 5, 210244123
List the prime factors of 5687030933.
457, 2179, 5711
List the prime factors of 444881535.
3, 5, 7, 59, 10259
List the prime factors of 1627223098.
2, 421, 1279, 1511
What are the prime factors of 1053002458?
2, 19, 27710591
What are the prime factors of 2326922726?
2, 43, 27057241
List the prime factors of 11170644.
2, 3, 359, 2593
List the prime factors of 331280302.
2, 165640151
List the prime factors of 86657082.
2, 3, 191, 75617
What are the prime factors of 6953957389?
17, 307, 1332431
List the prime factors of 138436160.
2, 5, 432613
What are the prime factors of 479763164?
2, 23, 37, 97, 1453
List the prime factors of 858522757.
29, 29604233
What are the prime factors of 547283791?
12301, 44491
List the prime factors of 3174996383.
13, 23, 419, 25343
List the prime factors of 957388991.
13, 41, 1796227
List the prime factors of 1520442311.
17, 97, 922039
What are the prime factors of 237215499?
3, 4673, 16921
List the prime factors of 1002782339.
13, 911, 84673
What are the prime factors of 72870228?
2, 3, 17, 119069
List the prime factors of 62764155.
3, 5, 113, 12343
List the prime factors of 8491074681.
3, 2830358227
List the prime factors of 8170915039.
7, 29, 73, 551381
What are the prime factors of 1375309070?
2, 5, 137530907
What are the prime factors of 195624333?
3, 21736037
What are the prime factors of 63800981?
103, 313, 1979
List the prime factors of 148201953.
3, 49400651
List the prime factors of 1006176504.
2, 3, 2609, 16069
List the prime factors of 1286536446.
2, 3, 13, 610891
What are the prime factors of 117195796?
2, 431, 67979
What are the prime factors of 371458006?
2, 983, 188941
List the prime factors of 626397229.
311, 2014139
What are the prime factors of 12729123?
3, 11, 42859
List the prime factors of 6742448.
2, 53, 7951
List the prime factors of 955772277.
3, 109, 953, 3067
List the prime factors of 20689741.
31, 89, 7499
List the prime factors of 124815580.
2, 5, 317, 19687
What are the prime factors of 39257953?
7, 61, 91939
What are the prime factors of 1303409736?
2, 3, 18102913
List the prime factors of 119275607.
11, 10843237
List the prime factors of 757044283.
43, 1621, 10861
What are the prime factors of 134457546?
2, 3, 499, 44909
List the prime factors of 39168329.
19, 2061491
List the prime factors of 463231858.
2, 41, 599, 9431
What are the prime factors of 181650293?
11, 16513663
What are the prime factors of 2529782689?
7, 349, 601, 1723
List the prime factors of 778376348.
2, 17, 61, 187651
What are the prime factors of 96432672?
2, 3, 7, 143501
What are the prime factors of 45720208?
2, 17, 168089
What are the prime factors of 8010967?
8010967
List the prime factors of 203733109.
47, 1789, 2423
What are the prime factors of 7172658?
2, 3, 43, 3089
List the prime factors of 425774036.
2, 4057, 26237
What are the prime factors of 38946370?
2, 5, 3894637
What are the prime factors of 473536373?
19, 24922967
What are the prime factors of 332424213?
3, 11, 83, 121367
What are the prime factors of 35285833?
11, 3207803
What are the prime factors of 5669703341?
19, 298405439
What are the prime factors of 525409305?
3, 5, 35027287
What are the prime factors of 1139550188?
2, 7, 17, 887, 2699
List the prime factors of 169499805.
3, 5, 1033, 10939
List the prime factors of 8098970536.
2, 43, 23543519
What are the prime factors of 109529841?
3, 23, 1587389
What are the prime factors of 259303035?
3, 5, 23, 653, 1151
What are the prime factors of 707035371?
3, 7, 33668351
List the prime factors of 91358695.
5, 1657, 11027
What are the prime factors of 374369091?
3, 23, 29, 187091
List the prime factors of 38810252.
2, 13, 17, 43, 1021
List the prime factors of 692902080.
2, 3, 5, 13, 31, 199
What are the prime factors of 1648434?
2, 3, 274739
List the prime factors of 103951752.
2, 3, 4331323
What are the prime factors of 186405713?
13, 19, 47, 16057
List the prime factors of 80834874.
2, 3, 13472479
What are the prime factors of 422979656?
2, 11, 4806